.
2, 5, 7, 37
Suppose -68 = o - 4*t, 2*t - 62 = o - 0*o. Let q = o + 345. What are the prime factors of q?
17
Let p(f) = -14*f - 17. Let t be p(5). Suppose g - 2*g - 2 = 0. List the prime factors of t*g/6*1.
29
List the prime factors of 19356/8*8/6.
2, 1613
Let w be (232 - (0 + 5))/1. Suppose -w + 1175 = 12*a. List the prime factors of a.
79
Let i be 15 - 0/1 - -3. Suppose -i*q + 23*q = 0. Suppose -f + 2*f + 3*j - 77 = q, 2*j - 210 = -3*f. List the prime factors of f.
2, 17
Let n be (-4)/(-32) - 30/(-16). List the prime factors of (4 - 3)/(n/58).
29
Let q = 183 + 554. What are the prime factors of q?
11, 67
Let g = -957 - -3448. What are the prime factors of g?
47, 53
Let c be ((-65)/(-10))/((-3)/(-6)). Suppose 3*p - c - 4 = -2*q, p = -3. What are the prime factors of q?
13
Let y = -128 + 134. List the prime factors of y.
2, 3
Suppose 0*o - 3*l = 5*o - 28, 0 = -5*o + 2*l + 23. Suppose o*x = 2*h - h - 48, x = -3*h + 128. What are the prime factors of h?
43
Let i(z) = -16*z - 1. Let n = 5 - -3. Let b be n/6*30/(-20). List the prime factors of i(b).
31
What are the prime factors of 66/88 + (-3005)/(-4)?
2, 47
Let n = 72 + -30. Suppose -765 = -n*h + 39*h. What are the prime factors of h?
3, 5, 17
Suppose 0 = 43*p - 38*p + 1610. Let y = p + 485. List the prime factors of y.
163
Suppose 5*y - 125 = -5. List the prime factors of y.
2, 3
Suppose 0 = 2*v + 5*l + 35, -4*l + 2*l - 20 = 2*v. Let z be (v - -10) + -5 + 2. Suppose -j - 16 = -2*j - 4*i, 3*i + 21 = z*j. List the prime factors of j.
2, 3
Suppose 0 = v - 15. Let t = 39 - 39. Suppose 0 = -z - t*z + v. What are the prime factors of z?
3, 5
What are the prime factors of 1418 - (1 + (-42)/7)?
1423
Suppose 2*r - 6 = -4*k, -5*r - 2*k + 6*k + 15 = 0. Suppose r*o - 48 = -o. Let q = o + 23. What are the prime factors of q?
5, 7
Suppose -s + 5*t + 678 = 0, -1343 = -18*s + 16*s - 3*t. What are the prime factors of s?
673
Suppose 766 = 4*a - 746. Let y = -210 + a. What are the prime factors of y?
2, 3, 7
Suppose 0 = -k + 3*k - 5*t + 895, 5*t = 15. List the prime factors of ((-4)/(-10))/(1 + 436/k).
2, 11
Let f(q) = -2 - 1 - q + q**2 + 7 + 0*q**2. Let p be f(0). Suppose 32 = 2*n + 2*o, 0 = -p*n + 3*n - 2*o + 16. What are the prime factors of n?
2
Let j(f) = -20*f - 12. Let p be j(-4). Let x = 86 - p. List the prime factors of x.
2, 3
Let d = -27 + 29. Suppose c + 0*c - d*s - 39 = 0, -s = 1. List the prime factors of c.
37
Suppose 3*g + 3*x + 41 + 4 = 0, -5*g + 4*x - 111 = 0. Let r(h) = h**3 + 20*h**2 + 16*h + 8. What are the prime factors of r(g)?
5, 13
Suppose 15*t = 12*t + 6. Suppose w = t, -5*b = -2*w + 9 - 55. What are the prime factors of b?
2, 5
Suppose -5*h = -3*b + 12, 6*h - 2*h - 3*b + 12 = 0. Suppose 16 = -4*q, -2*w + 7*w + q - 811 = h. List the prime factors of w.
163
Suppose 7*a + 152 = 3*a. Let h = 21 + a. Let o = h + 31. What are the prime factors of o?
2, 7
Suppose s + 5*s - 18 = 0. Suppose -2*i = 8, 5*w + 16 = s*i - 2. Let g(o) = -8*o - 5. What are the prime factors of g(w)?
43
Suppose -g + 0*g = 5*n + 9, -31 = -g + 3*n. Suppose -20 = 4*c + 20. Let a = g + c. List the prime factors of a.
2, 3
Let u be -2 - -9*(-2)/(-3). Suppose 0*n + 4*k - 174 = -2*n, u*k - 360 = -4*n. List the prime factors of n.
3, 31
Let v = -28 + 39. Let x = v + 2. List the prime factors of x.
13
Let z(u) = u**3 - 7*u**2 + 5*u - 5. Suppose 4*f - 3*r + 4*r = -174, -2*f + 2*r - 92 = 0. Let y be f/(-6) + 7/(-21). What are the prime factors of z(y)?
2, 3, 5
Let k = -54 - -76. Suppose 3*v - 196 = -k. What are the prime factors of v?
2, 29
Let f = 429 - 229. What are the prime factors of f?
2, 5
Let v(z) = 471*z + 222. List the prime factors of v(8).
2, 3, 5, 7, 19
List the prime factors of (-980)/6*((-6)/5 + 0).
2, 7
Let f(n) be the second derivative of n**3/6 + 2*n**2 + 2*n. Let a be f(-2). List the prime factors of (a/4)/(1/36).
2, 3
Suppose -2*q + 7*q - 4*z = 11757, 11769 = 5*q + 2*z. List the prime factors of q.
13, 181
Suppose r - 2*s - 355 = s, -r + 369 = 4*s. List the prime factors of r.
19
Let c = 384 - 251. Suppose 4*o - 3*t - c = 0, o - 27 = -2*t + 9. What are the prime factors of o?
2, 17
Let l be (-1)/(((-15)/(-6))/(-5)). Suppose 5*y - 1 = -6, 0 = -l*q + 3*y + 139. What are the prime factors of q?
2, 17
Let d(u) = -u**3 - 6*u**2 + 2*u + 8. Let s be d(-6). Let h(m) = m - 2. Let k be h(s). What are the prime factors of 29 + k*(-2)/(-4)?
2, 13
Let f(q) = q**3 + 4*q**2 + q + 4. Let p be f(-4). Suppose -i - 5*i + 960 = p. What are the prime factors of i?
2, 5
Suppose 15*g = 19*g - 336. Suppose 5*y + 29 = g. What are the prime factors of y?
11
Let k(b) = 28*b + 70. What are the prime factors of k(8)?
2, 3, 7
Suppose 4*b = 4, n + 4*b - 23 = 2*b. What are the prime factors of n?
3, 7
Suppose d - 5 = l, 5*l + 6*d = d + 25. Suppose 4*f - 412 - 504 = l. List the prime factors of f.
229
Let q(o) = -55*o**3 + 4*o**2. Let b(s) = -110*s**3 + 7*s**2. Let c be 11/2 + 4/(-8). Let j(f) = c*q(f) - 3*b(f). What are the prime factors of j(1)?
2, 3
Suppose 5*t + t - 678 = 0. Let p = t + -18. List the prime factors of p.
5, 19
Let v(c) = -9*c**2 - c - 1. Let s be v(-1). Let l be (s/(-6))/(3/6). Suppose -l*r - 136 = -4*b, 2*b + r + 36 = 94. List the prime factors of b.
31
Suppose -28*u = -16*u - 15900. List the prime factors of u.
5, 53
Suppose -5*x = -0*x - 1950. Let u = x - 208. What are the prime factors of u?
2, 7, 13
Let b(y) = y**2 - 3*y + 2. Let t be b(3). Let x be 3*(-6 + 23/3). Suppose -105 = -x*n + t*n. What are the prime factors of n?
5, 7
Suppose 3*j - 4*j + 133 = 0. Suppose 20*l + 24 = 23*l. Suppose l*f = 3*f - w + j, 35 = f - 4*w. List the prime factors of f.
3
Let c(q) = q**2 - 9*q + 4. Let f be c(7). Let n = f + 6. Let s = 2 - n. What are the prime factors of s?
2, 3
Let u(i) be the third derivative of -i**4/24 - 13*i**3/6 + 2*i**2. Let z be u(-12). List the prime factors of (z - 48)/(10 - 11).
7
Let p = 6106 - 1147. List the prime factors of p.
3, 19, 29
Let z = -5 - -10. Suppose -5*h - 4*u = -55, 0 = -h - u - z + 17. Suppose -50 = -h*f + 6*f. What are the prime factors of f?
2, 5
Suppose 10*x - 6*x = 68. Let j = 21 - x. Suppose -16 = 4*c, j*v + c - 154 = 70. List the prime factors of v.
3, 19
Let d(q) = -550*q**3 - q**2 - 2*q. Let c be d(-1). Let g = c - 356. Suppose -2*m + 5*m - g = 0. List the prime factors of m.
5, 13
Suppose -4*p + 3*p + 7 = 0. Let w be 1*p - (5 - 3). Suppose -4*f = -w*y + f + 55, 3*y + 2 = -4*f. List the prime factors of y.
2, 3
Suppose -23 + 3 = 5*i. Let q be (i - -3)*-2 - -29. Suppose -112 = -5*k - 4*x, -2*k + x + q = -2*x. List the prime factors of k.
2, 5
Suppose 98*x - 38*x = 246720. List the prime factors of x.
2, 257
Suppose 0 = 3*q + 1 + 5, -q = -o + 14. Suppose 792 = 15*i - o*i. List the prime factors of i.
2, 3, 11
Suppose 99 = 5*f - 8*f. Let z = 90 + f. List the prime factors of z.
3, 19
Let u be -5 - (-5 - 3)/4. Let j be -2 - u - (-14 + 1). Let v(c) = 2*c + 4. List the prime factors of v(j).
2
Suppose m + 2*m = -60. Let x be ((-168)/10)/(4/m). Suppose 4*i + x = 4*y - 40, -y + 11 = 3*i. What are the prime factors of y?
2, 13
Suppose -4*v - v - 5 = 0. Suppose 5*h - 5*c + 30 + 25 = 0, -2*c - 14 = 4*h. What are the prime factors of -2 - (-1)/v*h?
2
Let w(a) = 49*a**2 + a + 2. List the prime factors of w(-2).
2, 7
Let z(w) = -w. Suppose 0 = -2*l - 3*h + 4*h + 15, l - 5*h - 21 = 0. Let r(a) = a. Let o(b) = l*r(b) + 10*z(b). What are the prime factors of o(-2)?
2
Let u(h) = 70*h - 100. List the prime factors of u(13).
2, 3, 5
Suppose -4*w - 40 - 24 = 0. Let m = 114 + w. What are the prime factors of m?
2, 7
Suppose -20 = -28*y + 24*y. Suppose 5*p = 2*r + 73, r - y = -4. What are the prime factors of p?
3, 5
Let y(f) = f**2 - 10*f - 8. Let o be y(11). Let v be (o - 1)/((-2)/(-4)). List the prime factors of v/(3 + (-68)/24).
2, 3
Let p = 28 - 30. What are the prime factors of (-3)/9 + (930/9 - p)?
3, 5, 7
Let i = 1 + 1. Suppose -2*v - 4*o + i = -v, -o = -3*v + 19. What are the prime factors of 8/12*117/v?
13
Suppose 0 = 39*i - 2176 - 3830. What are the prime factors of i?
2, 7, 11
Let q be (-3)/(-2)*(-77 - -1). Let o be -338*((-25)/30 + (-2)/(-6)). Let n = o + q. List the prime factors of n.
5, 11
Let s(o) = -5*o - 2. Let a be s(-1). Suppose 4*b - 1113 = 3*u, b = -a*b - 3*u + 1095. List the p